 + 6. Suppose -10*v + 8*v = 0. What is the remainder when 23 is divided by u(v)?
5
Let q = 2 - -3. What is the remainder when (2 - 5/(-4))*4 is divided by q?
3
Suppose -5*w + 3*f = -40, 2*f + 20 = 4*w - 2*w. Calculate the remainder when w is divided by 2.
1
Suppose -122 = -y + 25. Suppose -2*d + 348 = 5*q, 5*d - y = -2*q + 9. Calculate the remainder when q is divided by 23.
22
Let n = -4 + 7. Suppose -u + 52 = n*u. Let r = -45 + 82. What is the remainder when r is divided by u?
11
Calculate the remainder when 1/3 - (-460)/15 is divided by 11.
9
Let r(d) = -8*d. Let u(i) = -2*i**2 + i**2 - 10 + 0*i - 13*i - i. What is the remainder when u(-11) is divided by r(-1)?
7
Calculate the remainder when 13 - -3 - (0 + 1) is divided by 9.
6
Suppose -2*c = -4*g + 2, 5*c - 5*g - 4 = 1. Suppose c*u + 4*b - 1 = 0, u + 4*b + 5 + 0 = 0. What is the remainder when 5 is divided by u?
2
Suppose 4*v = n - 2, 3*v - 5*v - 4 = -2*n. Calculate the remainder when 6 is divided by n.
0
Suppose -6*k - 22 = -112. Calculate the remainder when 28 is divided by k.
13
What is the remainder when 99 is divided by (-696)/(-40) + 4/(-10)?
14
Let c = -3 + 6. Suppose -4*v - c = 2*l - 257, -v - 3*l = -76. Calculate the remainder when v is divided by 21.
19
Let a = 25 + -18. Let s = a - 4. Suppose -4*d + 17 = -s*d. Calculate the remainder when d is divided by 6.
5
Let i = 72 - 44. Calculate the remainder when i is divided by 15.
13
Suppose 29 = 3*j - 43. What is the remainder when j is divided by 13?
11
Suppose 26 = g + 8. Calculate the remainder when (-137)/(-4) + 6/(-24) is divided by g.
16
Calculate the remainder when (-11)/(33/(-6)) - -45 is divided by 25.
22
Let x = -9 + 16. Suppose -2*h - w = -8, -4*h + 5*w - 12 = -x*h. What is the remainder when 6 is divided by h?
2
Suppose -3*c = -h + 81, -77 = -h - 0*h + 5*c. Calculate the remainder when h is divided by 10.
7
Suppose 4*a - a - 15 = 0, -a - 10 = -3*r. Calculate the remainder when 13 is divided by r.
3
What is the remainder when (44/5)/((-1)/(-5)) is divided by 12?
8
Let y = 36 + -13. Let x = -8 + 20. What is the remainder when (-2)/(2 + (-48)/y) is divided by x?
11
Let r(a) = -a**2 + 5*a - 5. Let o = 8 - 4. Let m be r(o). What is the remainder when m/3 - 62/(-6) is divided by 4?
2
Let y(v) = -v**3 + 2*v - v - 3*v - v**2. What is the remainder when 46 is divided by y(-3)?
22
Let q(o) = -o. What is the remainder when 40 is divided by q(-7)?
5
Suppose -4*z = -3*f + z + 71, -5*z = 4*f - 83. Calculate the remainder when 42 is divided by f.
20
Let d(g) be the second derivative of g**5/20 + 5*g**4/12 + g**3/3 + g**2/2 - g. Calculate the remainder when ((-114)/(-8))/((-3)/(-8)) is divided by d(-3).
12
Calculate the remainder when 221 is divided by -1 - ((-153)/4 - 3/(-12)).
36
Let a(m) = m**3 - 35*m**2 + 70*m - 41. What is the remainder when a(33) is divided by 19?
15
Let g(b) = -b + 16. Calculate the remainder when -13*(4/(-1))/4 is divided by g(11).
3
Let a(y) = y + 1. What is the remainder when a(8) is divided by ((-1)/(-3))/(1/15)?
4
Suppose -12*o = -9*o - 6. Calculate the remainder when 11 is divided by o.
1
Let l(n) = -n**3 + 4*n**2 - n - 1. Let s be l(3). Suppose s*h + 3*z = 79, -z = h + h - 32. Let f = -3 + 9. Calculate the remainder when h is divided by f.
5
Calculate the remainder when 74 is divided by ((-14)/(-10))/(1/15).
11
Let z(j) be the third derivative of j**5/60 + 5*j**3/3 + 2*j**2. Calculate the remainder when 29 is divided by z(0).
9
Let z(o) = o + 21. Let y(j) = 0*j - 2 - 5*j - 1. What is the remainder when z(0) is divided by y(-3)?
9
Suppose 5*c = 153 + 292. Calculate the remainder when c is divided by 15.
14
Let n(m) = 3*m + 0 + 2 - 4*m. Suppose 0 = s - 2*s + 5*t + 26, -20 = -5*s + 3*t. What is the remainder when 1 is divided by n(s)?
0
Let y(o) = -o**3 + 3*o**2 + 5*o - 4. Let a be y(4). What is the remainder when 46 - (-1 + a - 2) is divided by 17?
15
Let g(w) = 4*w - 4. Let b be g(7). Suppose p = -3*p + b. Let y = p + 7. What is the remainder when y is divided by 5?
3
Suppose 0 = -2*i - 10, x - i - 59 = -2*x. Let g(n) = 9*n - 7. Calculate the remainder when g(5) is divided by (-12)/x*78/(-4).
12
Let d = -22 + 51. What is the remainder when d is divided by 16?
13
Let r be (8/2)/(2/(-3)). Let m be 4/r + 92/(-6). Let x = 0 - m. Calculate the remainder when x is divided by 9.
7
Let b(i) = i**2 - 11*i + 5. Let j(y) = -2*y**2 + 23*y - 10. Let s(r) = 7*b(r) + 3*j(r). Calculate the remainder when s(8) is divided by 2.
1
Let j = 93 + -62. Let h(l) = -l**2 - 7*l + 8. Let r(i) = i. Let g(u) = h(u) + r(u). Calculate the remainder when j is divided by g(-6).
7
Suppose 12*o - 10*o - 22 = 0. Calculate the remainder when o is divided by 7.
4
Suppose 0 = -3*n + q + 20 - 8, -3*q = 5*n - 6. Calculate the remainder when ((-8)/6)/((-4)/30) is divided by n.
1
Let f = 40 - 9. Let a = 5 - 0. Suppose -a*q = -2*q - 48. Calculate the remainder when f is divided by q.
15
Suppose u - 2 = -4. Let d be 18 - (1 + 8/u). Calculate the remainder when ((-60)/(-14))/(3/d) is divided by 11.
8
Let p(r) = -r. Let i(a) = -a**2 - 3*a + 2. Calculate the remainder when i(-2) is divided by p(-4).
0
Suppose -2*t = n - 12, -3*t + 5 = 5*n - 4*t. Suppose 0 = 6*q - 2*q. What is the remainder when (-2 - q/(-1)) + 5 is divided by n?
1
What is the remainder when 2*((-20)/8 + 3) is divided by 1?
0
Let z = -1 + 2. Suppose -131 = -5*r - 31. What is the remainder when r is divided by (z/1 - -1) + 5?
6
Let s = 0 + -4. Let t = s + 19. Calculate the remainder when 43 is divided by t.
13
Suppose -17*w + 23*w = 126. What is the remainder when 56 is divided by w?
14
Suppose 100 = f + 3*f. Let t = f + -12. What is the remainder when 38 is divided by t?
12
Suppose -4*i - 11 = 2*s - 37, -20 = -3*i - 2*s. What is the remainder when (-8 + 12)*10/4 is divided by i?
4
Suppose -156 = -3*x + 45. What is the remainder when x is divided by (-6)/9 - 159/(-9)?
16
Suppose -2*z - d + 101 = 0, -3*d + 6*d - 153 = -3*z. What is the remainder when z is divided by 13?
11
Let g = 2 - -42. Calculate the remainder when g is divided by 12.
8
Let v(q) = 15*q**2 - 3*q - 1. Let r(y) = -2*y**2 + y + 1. Let o be r(-1). Calculate the remainder when v(o) is divided by 17.
14
Let b(h) = 18*h**2 - h + 2. What is the remainder when b(1) is divided by 6?
1
Suppose -2*k + 0*k = 14. Let z = k + 10. Suppose b = -1 + z. What is the remainder when b is divided by 2?
0
Suppose -4*w - 4*o - 38 - 6 = 0, -64 = 4*w - o. Let b be 340/w + (-4)/(-6). Let k = 35 + b. What is the remainder when k is divided by 7?
6
Suppose -180 = -4*n + 5*j - 0*j, 5*j - 20 = 0. Suppose -14 = 3*p - 5*p - 4*y, 83 = 4*p - 3*y. Calculate the remainder when n is divided by p.
16
Suppose -2*g + 40 = p, 0 = 5*p + 7*g - 4*g - 200. What is the remainder when p is divided by 14?
12
Suppose -2*c - 4*s + 28 = 0, 3*c = -s + 18 + 9. Let y = -6 + c. Let g(q) = q**3 - q**2 - q + 5. Calculate the remainder when g(0) is divided by y.
1
Suppose -2*m + 10 = -2. Let d(p) = 2*p - 1. Let j(v) = 2*v - 2. Let h(w) = 5*d(w) - 4*j(w). What is the remainder when m is divided by h(0)?
0
Let b be (-11)/(-2) - 18/12. Let f = 16 + b. Suppose 3*w - 4 = 3*t + 26, 4 = w + t. What is the remainder when f is divided by w?
6
Calculate the remainder when 21 is divided by (1 - 20/(-5)) + 7.
9
Suppose 3*l + 5*t = 14, -2*l + 4*l - 2*t - 36 = 0. What is the remainder when l is divided by 44/12 + (-2)/(-6)?
1
Suppose g + 0*g - 8 = 0. Let u be ((-1)/3)/(2/(-54)). Suppose p = u + 14. Calculate the remainder when p is divided by g.
7
Suppose -k + 0 = -1. Calculate the remainder when 2 is divided by k.
0
Let h = 1 - -24. Let w = 37 + 10. Calculate the remainder when w is divided by h.
22
Let p = -7 - -8. Suppose p = 2*y - 3. Calculate the remainder when (3 + y/(-1))*11 is divided by 7.
4
Let x = -31 - -58. Calculate the remainder when 78 is divided by x.
24
What is the remainder when ((3 - 4) + -3)*-23 is divided by 24?
20
Let r(t) = t**3 - 7*t**2 + 5*t - 10. Let g be (14 + 0)*3/6. What is the remainder when r(g) is divided by 7?
4
Let b(s) = 3*s**2 - 5*s - 6. Let u = 45 - -81. Suppose -r + u = 2*r. Calculate the remainder when r is divided by b(4).
20
Let i = 10 - -50. Calculate the remainder when i is divided by 21.
18
Suppose 5*g = -4*t + 76, -4*t - 3 = 2*g - 31. Let a = 5 + 2